(1 - 9)).
7
Calculate -3 - (-3 + -8) - 3.
5
(-17 - -8) + 6 + (-1 - 1)
-5
Calculate -2 + (0 - -8) + (10 - 11).
5
Calculate 7 - (5 - (-1 - -6) - -2).
5
8 + -8 + -8 + 8
0
What is the value of 9 - (4 + 4 + -7)?
8
What is the value of 6 - (-5 - (-7 + 1))?
5
What is the value of (-4 - -1) + (-2 - (-21 + 9))?
7
4 + -1 - (0 + 1 - 0)
2
What is the value of (-9 - 4) + 2 + 5?
-6
What is -4 + 9 + (-8 - -10)?
7
Calculate (-8 - (6 + -13 + 7)) + 14.
6
What is -10 - (-2 + -13) - (-2 - -10)?
-3
What is 6 - (8 - ((-1 - -3) + 2))?
2
Calculate -1 + -1 + (6 - (4 + 0)).
0
(-8 + 4 - -7) + -6 + 3
0
Evaluate (-3 - -9) + -1 + 0.
5
What is (-18 - (-4 - 8)) + 11?
5
Calculate -1 + 1 + 5 + -8.
-3
3 + -12 - (-1 - 4)
-4
(3 - (-4 + 6)) + -6
-5
-3 - (9 - (5 + 0))
-7
What is the value of -4 + 0 + (8 - 0)?
4
What is the value of (-5 - -2 - 1) + 9 + -4?
1
Calculate 1 + 1 + (-2 - -6 - 6).
0
Calculate 0 + 1 - (-3 - 1).
5
Calculate -10 - (-4 - (-6 + 7)).
-5
What is (-5 - -2) + (3 - (1 - -4))?
-5
Evaluate 0 + -1 + -40 + 39 + 2.
0
Calculate -10 - (-19 + 9) - 3.
-3
What is the value of 1 + (-1 - -1) + -3 + 3?
1
Evaluate (-10 - -3) + (5 - 2).
-4
-3 + -2 - (-11 + 5)
1
What is the value of 1 - -1 - (-2 - (6 - 7))?
3
What is the value of (10 - 5) + -9 + 5?
1
4 + -8 + 1 - -4
1
What is the value of -2 + 0 + 1 + -3?
-4
-4 - ((3 - -1) + -6 + -1)
-1
What is the value of (2 + -7 - -12) + -7 + 1?
1
Evaluate -5 + (13 - 9) - 0.
-1
What is -7 - (3 - 10) - 5?
-5
Evaluate -3 + 8 + 0 - (-7 - -10).
2
(4 - 7) + 4 - 5
-4
What is the value of -6 + (11 - (3 + 1))?
1
Calculate -3 - (-2 - (1 + -5 + 4)).
-1
-6 + 9 + 13 + -12
4
Calculate 11 + -12 - 3 - (-9 - 0).
5
What is -15 - -5 - (3 - 1 - 9)?
-3
Evaluate (-8 - (7 + (-7 - -2))) + 5.
-5
What is (-7 - -13) + (-5 - (5 - 0))?
-4
2 - (-12 + (4 + 3 - 0))
7
Calculate 9 + -14 + -1 + -4.
-10
Calculate -7 + 3 - (2 + -6).
0
What is 4 + 0 + -3 + 0 + 3?
4
What is 4 + (-5 - (-1 + 3))?
-3
Evaluate 2 + 0 - -1 - (-18 + 22).
-1
What is -2 + -6 + (-7 - -10)?
-5
Evaluate (-4 - -4) + -5 + 5.
0
What is the value of -5 + 3 - (0 - -1)?
-3
What is the value of 6 + -2 + 0 - (-3 - -11)?
-4
Evaluate -18 - -12 - -6 - (7 + 1).
-8
What is (-90 - -92) + (-10 - -1)?
-7
What is the value of -3 - (-1 - (1 + -4 + 0))?
-5
Calculate (-10 - -20 - 22) + 10.
-2
What is the value of 2 + (1 - (5 + -6)) + -3?
1
Evaluate 3 + -3 + (-1 - 5 - -13).
7
Evaluate -23 + 19 + 0 - (1 + -6).
1
Evaluate -3 + 2 + (-1 - 1).
-3
Calculate -3 - -2 - -2 - (1 + 1).
-1
Calculate (-14 - -11 - -15) + -7.
5
What is 2 - 5 - (-4 + 0) - 5?
-4
What is 7 - ((0 - 5) + 11) - -3?
4
-3 + (-11 + 5 - -1 - -2)
-6
What is the value of 36 + -46 - (-10 + -2)?
2
1 - (1 + 5) - (0 + -9)
4
4 - (-4 - (-1 - 3 - 2))
2
What is the value of -9 + 0 + 22 + -10?
3
(-15 - -1) + 8 + 8
2
Evaluate (-2 - -1 - 1) + 135 + -132.
1
-2 - -3 - (1 + -5)
5
What is the value of -5 - (2 + -3 - -2 - 1)?
-5
Calculate -4 + (2 - 3) - -7.
2
What is the value of -7 + 16 + -19 - -6?
-4
7 + (9 - 17) - (-1 + 1)
-1
What is -10 - (-27 - -3 - -14)?
0
Calculate -7 + (13 - (3 + 6)).
-3
Evaluate (0 - 0) + -7 + -2 + 8.
-1
Calculate 5 + (12 - 23) - (-2 + -2).
-2
What is the value of (-8 - -4 - -7) + 1?
4
-11 + (-11 + 7 - -13)
-2
Calculate -1 - (1 - 0) - (-8 + 9).
-3
Evaluate -10 + 6 - (-1 + -6).
3
Evaluate -4 + 7 + 8 + -6.
5
What is (-8 - 0) + (21 - 15)?
-2
Evaluate (33 - 25) + (0 - 13).
-5
Calculate 3 + 3 - 3 - -1.
4
Evaluate (-5 - -6 - (3 - -1)) + -2.
-5
Evaluate -3 - (1 + -1) - 2.
-5
Calculate 2 + -3 + -1 + -3.
-5
Evaluate 1 + 5 + -5 + 0 + -5.
-4
-4 + (2 + -7 - -4 - -1)
-4
Evaluate -8 + 7 - 3 - (-8 - 0).
4
(1 - 1) + 3 - (228 + -220)
-5
What is the value of -10 - (5 - (18 + (-12 - -7)))?
-2
What is -8 - (8 + (-10 - 6))?
0
-1 + 5 + (6 - (1 - -7))
2
4 - (6 - -5) - (2 + -7)
-2
Evaluate 5 + (-9 + -7 - (0 - 0)).
-11
Calculate 2 - (1 - (-3 + -1 + -2)).
-5
Calculate 1 - 0 - 2 - (2 - 10).
7
1 + (-1 - -4) - 3
1
What is -10 + (18 - 2) - (14 + -1)?
-7
What is the value of -1 - (2 - 1) - -2?
0
What is (5 + 5 - 5) + -4 + -6?
-5
What is the value of 5 + (3 - 2) + (-46 - -45)?
5
What is (-4 - 1) + 187 + -177?
5
-6 - -6 - (-2 + -1 - 0)
3
Evaluate 11 + -6 + (-5 - -2).
2
What is 1 + 0 + -5 + 3?
-1
Calculate (0 - 6) + (5 - 6 - -11).
4
-34 + 39 - (3 + 0)
2
What is the value of -8 - (4 + 0 - (43 - 32))?
-1
Evaluate -3 + (-15 - -8) + 7.
-3
Evaluate -2 + 0 + 9 - (25 + -17).
-1
Evaluate -4 - (-7 + 1 + (2 - -2)).
-2
What is the value of 3 - 3 - (6 + 0 + -3)?
-3
Evaluate (8 - (1 + 1)) + -1 + 0.
5
-1 - (-2 + 4 + 0 + -5)
2
What is the value of -8 - (-25 - (13 - 24))?
6
0 - 2 - (2 - -1 - 1)
-4
Evaluate -15 + (1 - (3 + -4)) + 3.
-10
Evaluate -63 - -68 - (0 + 8).
-3
What is the value of 8 + -7 + (0 - -4)?
5
What is the value of 1 - ((-3 - -3) + 4)?
-3
What is 1 + -2 + -6 + 4 + 4?
1
Calculate 1 + (-10 - (8 - 10)).
-7
What is the value of (-10 - -12) + -2 + -4?
-4
65 - 68 - (-6 - 0 - -1)
2
-3 + 1 - -4 - -5 - -1
8
1 - (8 + -4) - -2
-1
Calculate 3 + 5 + -2 + -9.
-3
What is the value of -4 - (-4 - (4 - 2) - -1)?
1
Calculate -8 - -2 - ((-1 - -4) + -7).
-2
What is (-5 - -2) + (-3 - (7 - 6))?
-7
What is (-2 - (-1 + -3)) + -7?
-5
Evaluate (21 - 24) + (0 - -5).
2
What is the value of -102 + 107 - (-2 + 15)?
-8
What is (12 - 15) + 1 + -1 - -6?
3
Evaluate (6 - 1) + -2 + -1 + 3.
5
Evaluate 14 - 12 - (-1 - 0 - -2).
1
What is the value of (-8 - -2) + -1 + -1 + 2?
-6
(9 - 9) + (-1 + 3 - -2)
4
Calculate 3 + -5 + -2 - -5 - -1.
2
What is 8 + -12 + 0 + 1?
-3
Calculate 7 - (12 + 3 + -9).
1
2 + (-5 - -6) + -10 - -8
1
Calculate (1 - 5) + 5 - -4.
5
What is the value of 2 - (12 - 9 - -7)?
-8
Calculate -3 + -10 + 20 - 1.
6
What is the value of (1 - 2) + 11 - (0 - -6)?
4
0 - (-17 - (-20 - -10))
7
What is 2 - ((3 - 0 - -1) + -6)?
4
Evaluate (-2 - -1) + 11 + -6 + -1.
3
Calculate -3 + 4 - -1 - (5 - 2).
-1
What is the value of -6 + -4 + 5 - -5 - -4?
4
What is (2 - 1) + 0 - (-75 + 78)?
-2
What is the value of (6 - (-7 - (-6 + -6))) + 1?
2
What is the value of -7 + 11 + 0 - (-2 - -2)?
4
Evaluate -4 + (5 + -3 - -1).
-1
Calculate -3 + 5 + (-3 - 3).
-4
What is the value of 5 - (2 + 3 - 6) - 5?
1
What is (13 - 4 - -5 - 4) + -5?
5
What is the value of 3 - (5 + -3 + 4) - -2?
-1
(-8 - (5 + -7)) + (1 - 0)
-5
Calculate -5 - (-3 - (-7 - -3)).
-6
-12 - (1 + (-23 - -12))
-2
(-3 - -7) + 1 - 3
2
What is 0 + 0 + 4 + -2 + 0?
2
Evaluate (2 - (12 + -3)) + 1 - -5.
-1
0 - (2 - 1) - (-5 + 2)
2
What is (-3 + -1 - -7 - -3) + 0?
6
What is 4 + (4 - (4 + -1) - 5)?
0
-5 + 9 + -16 + 7
-5
What is the value of -5 - ((2 - -1) + -4) - -12?
8
Evaluate 7 - -2 - 6 - 0.
3
4 - ((-4 - -15) + -2 + 0)
-5
-2 + (-3 - (-4 + 3))
-4
Calculate 7 - (-9 - (-6 + -13)).
-3
What is 2 + -7 + 2 + 1 + 6?
4
Calculate -6 - (7 - 4 - 7).
-2
Evaluate 2 - (3 - (-2 + 5)).
2
What is (-2 - 0 - 0) + 0 - -2?
0
What is -7 - (-16 - 3 - -11)?
1
Evaluate (5 - 8 - -8) + -2 - 7.
-4
Calculate 6 - (-1 - (-8 - -1)).
0
Calculate 8 + (4 - (12 + 6)).
-6
What is the value of 1 - ((0 - -2) + (-38 - -42))?
-5
Evaluate -3 + (-7 - -9) - 5.
-6
Calculate 1 - (0 - 1) - (21 - 20).
1
What is the value of -3 - ((-4 - 5) + 1)?
5
What is 8 - (8 - (-4 - (-8 + -1)))?
5
What is the value of 9 - (5 + (4 - 5) - -2)?
3
(5 - 1) + -5 - -5
4
Evaluate -2 + (7 - 5 - (-1 - -5)).
-4
Calculate (-3 - (5 - 0)) + 19.
11
Evaluate 15 - 26 - (-4 - -1).
-8
Evaluate -2 + 4 + -2 + 1 + 3.
4
What is the value of -2 + (7 - 4) + (1 - 0)?
2
-2 - (0 + 2 + -8 + 5)
-1
Evaluate (0 - -5) + (5 - 8).
2
What is -23 + 23 + -3 + 1?
-2
(2 - (1 + 2)) + (3 - -2)
4
Evaluate -2 + 11 + (-2 - 3).
4
Evaluate 11 - ((-6 - -3) + 11).
3
Calculate 17 - 5 - (3 + 4).
5
Evaluate (2 + -7 - -13) + -11 - -7.
4
Calculate 1 + 2 + -6 + (3 - -1).
1
What is -4 - (-3 + (-4 - -3) + 5)?
-5
(-15 - -10) + (8 - -2)
5
What is the value of -1 + 1 - (-1 + 4 - 4)?
1
-3 - -2 - (-18 - -14)
3
What is the value of 6 + (-1 - (-1 - -2))?
4
What is the value of 2 + 1 - (-13 - -18)?
-2
Calculate 2 - (-2 - (-3 + 2) - 2).
5
What is 3 + (-4 + 2 - (9 + -11))?
3
Calculate -8 - (-7 + 4) - -8.
3
-6 + (7 - (1 - -6)) + 5
-1
What is -6 + (5 - -5 - 5) + -2?
-3
What is -5 + (-25 - -27 - (1 - 4))?
0
83 + -90 + -1 + -1 + 7
-2
Calculate -2 - 3 - (-4 + 8 - 6).
-3
What is the value of -1 - -5 - (0 - 2)?
6
-2 + (-2 - -3 - 3)
-4
What is the value of -3 - (-1 + 4 - 4)?
-2
Evaluate -20 + 12 + 1 + 0.
-7
Calculate 10 + -5 + (2 -